8
Let b(t) = t**3 - 121*t**2 + 1900*t + 604. Calculate b(19).
-118
Let r(h) = 88*h - 1449. What is r(20)?
311
Let h(n) = -12*n**2 - 45*n + 145. Give h(3).
-98
Let l(o) = 1041*o - 78518. What is l(78)?
2680
Let t(z) = 312*z - 1943. What is t(7)?
241
Let h(v) = 13*v**2 - 47*v - 14274. Calculate h(35).
6
Let k(w) = w**2 + 3464*w + 197626. Give k(-58).
78
Let j(f) = f**3 - 94*f**2 + 384*f - 27051. Give j(93).
12
Let p(m) = -m**3 + 4*m**2 + 85*m + 43. Give p(-8).
131
Let j(n) = -39*n**2 - 152*n + 411. What is j(-6)?
-81
Let z(g) = -19*g**2 - 10099*g - 5302. Calculate z(-531).
8
Let s(y) = 2*y**2 - 678*y + 2218. What is s(336)?
202
Let v(l) = -472*l - 59278. What is v(-126)?
194
Let o(h) = -11676*h + 186807. Determine o(16).
-9
Let o(c) = 7*c**2 + 55*c + 76. What is o(-8)?
84
Let d(u) = u**3 - 125*u**2 - 12*u + 31750. Determine d(123).
16
Let q(z) = 7219*z - 72187. Give q(10).
3
Let q(m) = 1268*m**2 - 583284*m + 1850. Calculate q(460).
10
Let z(j) = -53442*j + 373977. Determine z(7).
-117
Let i(s) = 542*s + 61827. What is i(-114)?
39
Let y(a) = -a**3 - 1208*a**2 - 267471*a + 909. Give y(-916).
-7
Let d(m) = -40*m - 2941. Give d(-21).
-2101
Let p(t) = -2199*t + 6507. Calculate p(3).
-90
Let i(y) = -7*y**3 + 547*y**2 - 114*y + 1264. Determine i(78).
-1544
Let m(j) = -2429756*j + 43735602. Calculate m(18).
-6
Let r(d) = 1919*d - 729208. Give r(380).
12
Let u(o) = o**3 - 121*o**2 - 403*o + 2135. Give u(124).
-1709
Let k(n) = -11*n**2 + 150*n + 3539. What is k(26)?
3
Let c(r) = 2*r**3 - 332*r**2 + 5590*r - 466. Calculate c(147).
122
Let a(c) = -22349*c + 67058. Calculate a(3).
11
Let v(s) = 4*s**2 - 143*s + 761. What is v(8)?
-127
Let r(z) = z**3 - 22*z**2 - 37900*z + 720. Determine r(-184).
-16
Let d(u) = -u**3 + 201*u**2 - 345*u + 110725. Calculate d(202).
231
Let p(h) = -41*h**2 + 13*h + 725. Determine p(-4).
17
Let z(o) = -2*o**3 + 362*o**2 - 366*o + 1011. Calculate z(180).
-69
Let k(c) = c**2 + 158124*c + 2055455. What is k(-13)?
12
Let o(i) = -275*i + 28134. Determine o(102).
84
Let q(s) = -1306*s - 5138. Determine q(-4).
86
Let u(s) = -406*s + 56128. Give u(139).
-306
Let o(c) = -310368*c - 4034781. Calculate o(-13).
3
Let n(c) = 2*c**2 - 2728*c + 46064. Give n(17).
266
Let v(s) = -4942*s - 17910. Calculate v(-4).
1858
Let u(c) = -6588*c + 1067268. Calculate u(162).
12
Let z(o) = -14578*o - 306112. Determine z(-21).
26
Let p(d) = 32460*d - 97413. Give p(3).
-33
Let a(g) = 56*g - 209. What is a(12)?
463
Let p(a) = -14246*a - 626887. Calculate p(-44).
-63
Let k(g) = -3*g**2 + 82*g - 441. What is k(22)?
-89
Let c(o) = o**2 - 187395*o - 1124384. Give c(-6).
22
Let x(u) = -1121*u**2 - 227*u. Give x(1).
-1348
Let a(m) = -161*m**2 - 6259*m + 769. Calculate a(-39).
-11
Let u(p) = 3831*p + 19346. Calculate u(-5).
191
Let n(g) = 5*g**2 - 4*g - 1328. Give n(-22).
1180
Let v(m) = -3*m**2 + 189*m + 24. Give v(63).
24
Let p(i) = 3*i**3 + 866*i**2 + 25087*i - 274. What is p(-256)?
-18
Let n(f) = 2*f**3 + 43*f**2 + 2088*f + 43421. Determine n(-21).
14
Let j(s) = 439*s**2 - 4410*s - 4409. Determine j(-1).
440
Let y(t) = 15*t**2 + 2693*t + 18885. What is y(-7)?
769
Let p(w) = 10344*w + 165526. Give p(-16).
22
Let v(h) = 1004*h + 230908. Determine v(-230).
-12
Let u(a) = -9*a**3 + 12*a**2 - a + 133. Give u(-7).
3815
Let f(h) = 120982*h + 2540601. Calculate f(-21).
-21
Let o(k) = 168*k**2 + 20320*k - 867. What is o(-121)?
101
Let o(r) = r**3 + 30*r**2 - 143*r - 5. Determine o(-34).
233
Let u(b) = b**3 + 143*b**2 + 3334*b + 1922. What is u(-114)?
-1270
Let o(u) = -u**3 + 26*u**2 + 82*u - 1468. What is o(27)?
17
Let c(x) = -7560*x + 332633. Determine c(44).
-7
Let t(w) = -w**3 + 89*w**2 - 578*w + 279. Determine t(82).
-49
Let n(y) = 7*y**3 - 91*y**2 - 391*y - 10. What is n(-4)?
-350
Let z(a) = 176547*a - 7768060. Determine z(44).
8
Let x(k) = 8*k**3 + k**2 - 36*k + 67. Determine x(2).
63
Let x(k) = 895*k + 10152. What is x(-11)?
307
Let w(g) = -24506*g - 220629. What is w(-9)?
-75
Let b(s) = -s**2 + 3200*s + 28865. Calculate b(-9).
-16
Let k(f) = f**3 + 19*f**2 + 1593*f + 41099. Give k(-24).
-13
Let q(x) = -161700*x + 6791403. What is q(42)?
3
Let f(t) = -1790*t - 1857. Give f(-1).
-67
Let y(t) = -6*t - 1631. What is y(-225)?
-281
Let h(g) = -g**3 + 34*g + 423. Give h(9).
0
Let l(u) = 161*u + 5187. What is l(-32)?
35
Let h(q) = -q**3 - 13*q**2 + 80*q + 510. Give h(-16).
-2
Let y(l) = 2224*l - 887384. What is y(399)?
-8
Let z(t) = 499*t**2 + 13918*t - 1510. Calculate z(-28).
2
Let o(j) = 2*j**3 + j**2 + 78*j - 80. Give o(1).
1
Let s(i) = i**3 - 117*i**2 + 684*i + 9499. Give s(110).
39
Let l(g) = -g**3 - 14*g**2 - 7*g - 22. Determine l(-11).
-308
Let x(v) = -67*v**2 + 739*v + 3748. Give x(-5).
-1622
Let p(x) = -27*x**3 + 7*x**2 - 157*x - 478. Determine p(-3).
785
Let c(f) = f**2 - 825*f + 4076. Give c(5).
-24
Let b(g) = -7*g**3 - 600*g**2 + 203*g + 2665. Determine b(-86).
-1
Let f(l) = 2*l**3 - 16*l**2 + 136*l - 2784. Give f(12).
0
Let z(k) = -4625*k - 739996. What is z(-160)?
4
Let c(l) = 929697*l + 7437578. Determine c(-8).
2
Let a(d) = -d**3 - 166*d**2 - 203*d - 7678. Give a(-165).
-1408
Let u(t) = 4681*t + 1001740. Calculate u(-214).
6
Let v(f) = 392*f + 548. Calculate v(1).
940
Let r(g) = 2*g**3 + g**2 - 265*g - 1122. Calculate r(13).
-4
Let u(a) = -8*a**2 + 808*a - 20362. Determine u(50).
38
Let l(p) = p**3 + 135*p**2 - 1280*p - 3545. What is l(11)?
41
Let q(n) = 1112*n - 216886. Give q(195).
-46
Let l(x) = 49185*x - 393448. Give l(8).
32
Let d(z) = -z**3 - 204*z**2 - 8885*z - 1713159. Calculate d(-202).
3
Let h(y) = -18*y**2 - 188*y - 318. What is h(-12)?
-654
Let w(u) = 1124*u**2 - 18010*u + 393. What is w(16)?
-23
Let l(r) = 3*r**3 - 39*r**2 - 601*r + 77. Determine l(22).
-77
Let z(s) = s**3 - 79*s**2 - 5*s - 607. What is z(79)?
-1002
Let g(s) = -389*s + 13140. Calculate g(30).
1470
Let y(j) = -37*j**2 - 1571*j + 851. Give y(-43).
-9
Let n(k) = 6*k**2 + 421*k - 20843. Determine n(-104).
269
Let k(i) = 18626*i + 167626. Calculate k(-9).
-8
Let k(v) = -90*v - 1087. Calculate k(4).
-1447
Let y(u) = u**3 - 21*u**2 + 9743*u - 174431. Give y(18).
-29
Let u(c) = 7361*c - 603458. What is u(82)?
144
Let s(b) = -b**3 - 402*b**2 - 26440*b + 3099. Give s(-83).
28
Let f(k) = -1147*k + 3518. What is f(3)?
77
Let c(b) = -b**3 - 6*b**2 + 2757*b + 21866. Give c(-8).
-62
Let c(z) = -10754*z - 107545. Calculate c(-10).
-5
Let s(u) = u**2 - 995*u + 73223. Calculate s(81).
-811
Let w(r) = -9*r**3 + 5925*r**2 - 2006*r + 21061. Give w(658).
5
Let v(w) = w**3 - 28*w**2 + 192*w - 2558. Calculate v(25).
367
Let l(o) = -o**3 + 36*o**2 - 247*o - 247. Determine l(28).
-891
Let o(y) = -5*y**2 - 313*y + 9793. What is o(27)?
-2303
Let q(j) = 52*j**2 - 1096*j - 6765. Give q(-5).
15
Let z(i) = 3*i**3 - 73*i**2 + 30*i + 10. Give z(0).
10
Let k(r) = r**3 + 22*r**2 - 198*r + 359. Give k(-29).
214
Let q(w) = -w**3 + 203*w**2 + 201*w - 244. Give q(204).
-856
Let n(u) = 302*u**2 + 12995*u + 335. Calculate n(-43).
-52
Let k(y) = 574*y + 2349. Determine k(-4).
53
Let j(q) = 6*q**2 - 5935*q - 41826. What is j(-7)?
13
Let z(k) = -172*k**3 - 855*k**2 + 305*k + 1381. What is z(-5)?
-19
Let i(y) = 18*y**2 + 1254*y - 8677. What is i(-76)?
-13
Let w(x) = 74*x**2 + 7721*x - 37617. Determine w(-109).
-12
Let p(v) = -71620*v - 1145949. What is p(-16)?
-29
Let w(i) = -i**2 - 4637*i - 83166. Determine w(-18).
-24
Let o(s) = -61*s + 280. Give o(6).
-86
Let u(l) = 5*l**3 + 907*l**2 + 364*l + 387. Give u(-181).
25
Let v(f) = 352*f**2 + 40478*f - 275. Calculate v(-115).
-45
Let w(q) = q**3 + 125*q**2 + 2717*q + 85. Give w(-97).
-12
Let a(x) = -5989*x + 239563. What is a(40)?
3
Let y(g) = -g**2 - 2153*g - 149827. Calculate y(-72).
5
Let o(i) = 51285*i - 7385040. Give o(144).
0
Let b(w) = -7*w**2 - 3074*w + 6144. Give b(2).
-32
Let q(z) = -z**3 - 102*z**2 + 20501*z + 235. Give q(101).
33
Let t(r) = 33596*r - 503676. Calculate t(15).
264
Let u(t) = -3870*t + 328870. Give u(85).
-80
Let y(f) = -1426*f**2 + 868436*f - 1210. Determine y(609).
8
Let l(c) = -c**2 - 575*c + 106891. Give l(148).
-113
Let y(j) = -20902*j + 61371. Give y(3).
-1335
Let i(y) = -404*y - 86963. Calculate i(-216).
301
Let f(m) = -10*m**3 - 2043*m**2 - 627*m - 3064. Calculate f(-204).
-4
Let c(y) = 7747*y + 263359. Determine c(-34).
-39
Let i(y) = 